*t - 4. Calculate v(o).
-4
Let n = -4 - -7. Let j(q) = q**n + 2 - 6*q - 3*q**2 + 0*q**3 + 4 + 2*q. What is j(4)?
6
Suppose 0*y = -5*y - 20. Let s(d) = d**2 + 3*d. Give s(y).
4
Let n(j) = -14*j**3 + 5*j**2 + 2*j - 3. Let q(k) be the first derivative of 7*k**4 - 11*k**3/3 - 2*k**2 + 7*k - 5. Let i(l) = -9*n(l) - 4*q(l). What is i(-1)?
-14
Let s(h) = -2*h**3 + 4*h**2 - 2*h. Let u be s(2). Let r(z) be the first derivative of z**2 + 6*z + 1. Give r(u).
-2
Let o(p) = -p**3 - 4*p**2 + 4*p - 1. Suppose 2*s - 4*k + 26 = 0, 6*s - 3*s - k + 19 = 0. Calculate o(s).
4
Let u(a) = 0*a + 6*a - a**2 + 3 + 0*a**2. Let g = -11 + 16. What is u(g)?
8
Let m = 22 + -19. Let v(x) = -x**2 + 4*x - 1. Calculate v(m).
2
Let q(x) be the second derivative of x**3/6 - 2*x**2 - 2*x. Determine q(6).
2
Let t be 3*2/(-3) - -6. Let r(v) be the third derivative of v**4/24 - v**3/3 + v**2. Calculate r(t).
2
Let i be (-3 - 24/(-9))*12. Let y be ((-24)/2)/3 - i. Let b(x) = x**3 - x**2 + 6. Determine b(y).
6
Suppose y + y - 2*i - 12 = 0, 3*y = -3*i - 6. Suppose 0 = 4*p + 2 + y. Let v(c) = 4 - 6*c**2 + 2*c**2 - 5 + c**2. Determine v(p).
-4
Let i(f) = -f**3 - 10*f**2 + 12*f + 14. Let h be i(-11). Let d(z) = -z + 4 + 3*z - h*z + 0*z. What is d(4)?
0
Suppose 3*k - 5*l + 0 = 1, 5*l - 5 = 0. Let u(d) = -3*d + 1. Calculate u(k).
-5
Suppose -10 = -2*a, 0 = j - 2*a + 12 - 2. Let w = 0 - j. Let z(n) = n**2. Let s(l) = l**3 + l**2 + 8. Let m(t) = s(t) - 2*z(t). Calculate m(w).
8
Let q(g) be the second derivative of g**5/20 - 7*g**4/12 - 7*g**3/6 - 3*g**2/2 - 2*g. Let u be q(8). Let f(t) = 3*t + 2 - t - t. Determine f(u).
7
Let v(p) = -p**3 + 7*p**2 + 8*p + 2. Let c be v(8). Let a(g) = g - 4. Give a(c).
-2
Let z(w) be the first derivative of w**4/4 - w**3/3 - 3*w**2/2 - 3*w + 8. Let l(s) = s - 3. Let k be l(6). What is z(k)?
6
Let p(d) be the second derivative of 0 - 2*d - 1/6*d**3 - 1/2*d**2 + 5/24*d**4. Let k(m) be the first derivative of p(m). Give k(1).
4
Let l(o) = o + 9. Let g be l(-7). Suppose -2*t = -x + 13, t - 6 = -3*x - g. Let d(b) = 0 - 3 + 2 + x - 5*b. Determine d(2).
-8
Let b(k) = -2*k**2 - 2*k + 1. Suppose -16 = 3*h - 10. Calculate b(h).
-3
Let z(p) = -p**3 - 5*p**2 - 3*p - 6. Suppose 0 = -2*c - 36 + 26. Give z(c).
9
Let t(i) = -5*i + i**2 - 5 + 5*i - 2*i. Let y be t(4). Let l(r) = -r**3 - 1 + 5*r + 1 - 4*r + 2 - y*r**2. Calculate l(-2).
-4
Suppose 0 = -t - z, 3*t - 2*t + 6 = -4*z. Let w(o) be the first derivative of 4*o - 4/3*o**3 - 1/2*o**t - 1/4*o**4 - 1. What is w(-3)?
-2
Let f(c) = -c + 14. Let k be f(7). Let p(r) = -r**2 + 8*r - 4. Determine p(k).
3
Let c = 7 + 0. Let o(v) = 6*v + 0*v - 2*v - v**2 + c. Calculate o(6).
-5
Let v(z) = -2*z + 1. Let g be 18*(-1 + (-21)/(-9)). Suppose 3*o + o + y - g = 0, 3*y - 16 = -4*o. Let i = o - 6. What is v(i)?
-1
Suppose 0 = 3*n + 5*o + 35, 0 = -5*n + 3*o - 13. Let q(d) = d + 5. Let p be q(n). Let m(l) = -3*l + 2*l + 4 - l**3 + 6 - 12. Determine m(p).
-2
Let y(b) = -679 + 2*b + 682 + 4*b. Let k(o) be the third derivative of -3*o**4/8 - 2*o**3/3 - o**2. Let x(h) = 5*k(h) + 8*y(h). What is x(-4)?
-8
Let h(c) be the first derivative of 3*c**4/2 - c**3/3 + c**2/2 - c + 4. Calculate h(1).
5
Let z(c) = c**3 + 4*c**2 + c. Let a be (3 + -3 - -3)*-2. Let n be -2*3/a*-4. Give z(n).
-4
Let h(s) be the second derivative of -s**4/2 - s**2/2 + 2*s. Suppose -9*p = -4*p + 5. Determine h(p).
-7
Let w(l) = l**2 - 5*l + 4. Let s be w(3). Let c(o) be the third derivative of o**4/6 - o**3/3 + 29*o**2. Give c(s).
-10
Suppose -3 + 40 = 5*v - 3*c, -4*c - 21 = -v. Let i(g) be the third derivative of -g**5/60 + g**4/4 - g**3 + 7*g**2. Calculate i(v).
-1
Let k = 521 - 522. Let f = -10 - -6. Let s(m) = -m**2 - 4*m + 4. Let c(x) = -10*x**2 - 45*x + 45. Let u(i) = f*c(i) + 45*s(i). Determine u(k).
-5
Let m(v) = -3*v + 2. Let q(c) = -6*c - 9. Let n be q(-2). What is m(n)?
-7
Let p(w) = w**3 - 4*w**2 + 2*w - 2. Let h be p(4). Let k(s) = -s + 1. Calculate k(h).
-5
Let y be 4/1 + -1*22. Let x = -23 - y. Let b(q) = -q**3 - 6*q**2 - 5*q + 5. Calculate b(x).
5
Let o(u) = -3*u + 15. Let f(i) = 9*i - 44. Let d(j) = 6*f(j) + 17*o(j). Determine d(7).
12
Let y be 0*((-2)/(-3) + 3/9). Let k(u) be the second derivative of -2*u - 1/6*u**3 + y + 4*u**2. What is k(5)?
3
Let k(f) = 8*f - 1243 + 1243. Determine k(1).
8
Let m = 2 - 0. Let o(t) be the second derivative of -t**5/20 + t**4/6 - t**3/6 + t**2/2 + 2*t. Let c be o(m). Let z(p) = 8*p**3 + 2*p**2 - 1. Calculate z(c).
-7
Suppose 5*a = -3*u - 29, 0 = -4*a - u - 12 - 7. Let q(j) = j**3 + 3*j**2 - 2*j**2 + 3*j - j + 3*j**2 + 6. What is q(a)?
-2
Let s = 10 + -19. Let r(b) = b**2 - 8. Let f(m) = 4*m**2 - 33. Let g(a) = s*r(a) + 2*f(a). Give g(0).
6
Suppose -2*p = -3*k - 9, -3*p - 2*k - 3 - 3 = 0. Let a(z) = z - 1. Let h(j) = -2*j + 5. Let f(x) = 3*a(x) + h(x). Give f(p).
2
Let j = -21 + 30. Let h = j + -13. Let z(w) = -w**3 - 5*w**2 - 5*w - 5. Determine z(h).
-1
Let i(c) = c**3 + 5*c**2 - 2*c + 0*c - 8 - 6*c. Let r be i(-6). Let k(x) be the second derivative of x**5/20 - x**4/3 + x**3/6 - x**2/2 - x. Calculate k(r).
3
Let u(i) be the first derivative of -i**4/4 + 2*i**3/3 + i**2 - 3*i + 2. Suppose 5*x + 0*o - 2*o = 19, 4*o + 11 = x. Give u(x).
-6
Suppose -4*x - 26 + 10 = 0. Let l(z) = z + 1. Let b be l(x). Let m(u) = -u**3 - 4*u**2 - 3*u - 4. Determine m(b).
-4
Let k(c) = 9*c - 2. Let q = -1 - -3. Give k(q).
16
Let a(m) be the second derivative of m**6/360 - m**4/6 + 5*m. Let g(l) be the third derivative of a(l). Give g(-5).
-10
Let y(t) = -t**3 - 9*t**2 - 9*t - 3. Let p be y(-8). Let r(s) = 0*s + 3*s + 2 - s**2 - p. Let i be r(2). Let u(h) = -8*h**2 - h. Give u(i).
-7
Let q(r) be the second derivative of -r**3/6 + 5*r**2 - 8*r. Give q(6).
4
Let z(m) = 6*m - 1. Let s be z(1). Suppose s*h = h. Let q(t) = -t**2 - 2. What is q(h)?
-2
Let p(u) = -4*u + 2 - 4*u**2 + 2*u**3 + 5*u**3 - 6*u**3. Let v(t) = -t**2 + t + 2. Let y be v(2). Suppose 4*s - 20 = -y*s. Determine p(s).
7
Let z = 11 + -10. Suppose -2*u = -0*u - 4, u = -4*w + 10. Let y(o) = -2*o - 8*o**3 + w*o**3 - o**2 + 3*o**2 + 1. Give y(z).
-5
Let s(r) = 0 - 32*r + 0 + 33*r. Give s(-3).
-3
Let r(t) = t**2 - 5*t - 2. Let o(p) = 5*p**2 - 5. Let b = 6 + -11. Let z(m) = -6*m**2 + 6. Let q(c) = b*o(c) - 4*z(c). Let n(a) = 2*q(a) + r(a). Give n(-5).
0
Let c(y) be the second derivative of -y**4/12 - 5*y**3/6 + y**2/2 - 51*y. Determine c(-7).
-13
Let y be -5*-3*6/(-45). Let u(v) = 3*v + 1. Let s be u(y). Let a(q) = 6*q + 3*q**2 - 6*q**2 + 4*q**2 - 1. Calculate a(s).
-6
Let q(d) = -d**2 + 6*d - 1. Let t(f) = 3*f**2 - 17*f + 3. Let w(x) = 11*q(x) + 4*t(x). What is w(2)?
1
Let z(c) be the second derivative of -c**5/10 - c**4/3 - c**3/2 - c**2/2 - 20*c. Determine z(-3).
26
Let j(u) = 2*u**2 - 9*u - 5. Let h(y) = -y**2 + 4*y + 3. Let f(s) = -5*h(s) - 3*j(s). Let o be f(6). Let r(a) = -a + 14. What is r(o)?
8
Suppose 1 = l - 0. Let p(u) be the first derivative of 7*u**5/120 + 2*u**3/3 + 2. Let s(g) be the third derivative of p(g). Calculate s(l).
7
Let i be (-4)/8 + 17/(-2). Let v(d) = -d**3 - 9*d**2 + 3. Let t be v(i). Let c be -3 - (-10 + (t - 1)). Let w(s) = s**2 - 6*s - 2. Calculate w(c).
-7
Let b(d) = 2*d**2 + 5*d + 3. Let x(m) = 2*m**2. Let f(n) = n**2. Let o(l) = 3*f(l) - x(l). Let i(j) = -b(j) + 3*o(j). Give i(4).
-7
Let h(z) = 3*z + 3. Suppose l - 3 = -4*x, -2*l - 1 + 7 = 4*x. What is h(l)?
12
Let b = 4 - 7. Let q(w) be the first derivative of -w**3/3 - w**2 - 3*w - 2. What is q(b)?
-6
Let o(r) = 2*r + 2. Suppose -2*j = -j - 5*t - 4, 16 = 4*j + 3*t. Suppose -4*i + j = 4*z, 2*i + 4*z = 5*i - 10. Give o(i).
6
Let b(s) = 4 - 3*s + 7*s - 3*s. Give b(0).
4
Let d(w) be the second derivative of -w**4/2 + w**3/3 + w**2/2 - 7*w. Give d(-1).
-7
Let z(t) be the third derivative of t**6/720 - t**5/120 - t**4/12 - 5*t**2. Let g(y) be the second derivative of z(y). Let p = -1 - 4. Determine g(p).
-6
Suppose 0 = 4*n - 6 - 18. Let i(d) = -d**3 + 7*d**2 - 6*d. Determine i(n).
0
Let a be ((-2)/(-3))/((-17)/51). Let w(r) = 2*r - 1. What is w(a)?
-5
Let u = -150 + 143. Let s(l) = l**3 + 7*l**2 + l + 6. Calculate s(u).
-1
Let d(s) be the first derivative of -s**2 - 16*s + 46. Calculate d(-11).
6
Let c(l) = -1 - 15*l + l**2 + 15*l. Calculate c(4).
15
Let m(b) = -b**3 + 5*b**2 - 3*b + 3. Let q = -9 - -12. Sup